 Let y be 2*5 - (-2 + 0). Suppose -3*m = -4*x + 1 - r, 0 = 3*m - y. What is k(x)?
4
Let f(u) = u**3 + 7*u**2 + 7*u + 5. Let j = 83 - 89. Determine f(j).
-1
Let m(r) be the second derivative of -1/12*r**4 + 0 + 4*r - 1/2*r**2 - 1/2*r**3. Calculate m(-3).
-1
Let j(c) = c - 2. Let i = 2 + -7. Give j(i).
-7
Let t(c) = -c**2 - 1 - 5*c + 4 - 2. Let q(d) = -d**3 - 8*d**2 + d + 11. Let k be q(-8). Suppose -3*s - 4*f = 26, 0 = -5*s - k*f - 9 - 27. Determine t(s).
-5
Let w be 0 + -2 + -3 + 3. Let c be (-108)/(-8) - (-3)/w. Suppose 5*d - 5*r = -0*r, 0 = -3*r + c. Let s(t) = -t**3 + 4*t**2 - t. Calculate s(d).
-4
Let t(l) = l**2 + l - 7. Let u be t(-3). Suppose -c - h = 0, -3*c + 4 = -5*h - 4. Let z(n) = -20*n. Let w(x) = x. Let p(q) = c*z(q) + 12*w(q). Calculate p(u).
8
Let z(r) be the second derivative of -1/12*r**4 - 1/6*r**3 + 2*r + 0*r**2 + 0 + 1/120*r**5. Let x(j) be the second derivative of z(j). Calculate x(4).
2
Let j(x) = x**3 + 1 - 2*x + 0*x**3 + 0*x**3. Suppose -5*w = f - 10, 0 = -2*w + 3*w - 5*f + 24. Determine j(w).
0
Let m = -11 + 15. Suppose 0 = -l - m*l. Suppose l*p = p. Let f(t) = t**3 + t**2 - 4. Calculate f(p).
-4
Let f(n) = n**3 - 6*n**2 + 4*n + 2. Suppose 4*k = -16, -3*k + 2*k = -q + 9. What is f(q)?
-3
Let a(c) = c + 11*c - 7*c - 4 - 2*c. Give a(-5).
-19
Let p(q) = q**2 - q + 7. Suppose 3*i + 4*m = -0*m + 16, 4*m = -4*i + 16. What is p(i)?
7
Let l(z) = 2 + 0 - 5 + 18*z + 5. Suppose -3*i = 4*j - 10, -4 = -3*j - 1. Let m(u) = -6*u - 1. Let o(d) = i*l(d) + 7*m(d). Determine o(-2).
9
Let g = -8 - -14. Let o be (-1 - 1) + 0 + g. Suppose -p = -o*p. Let b(a) = a**2 + 8. What is b(p)?
8
Let y(d) be the third derivative of d**6/360 - d**5/120 - d**4/24 - d**3/6 - d**2. Let m(x) be the first derivative of y(x). Determine m(-2).
5
Let l(c) = c**2 + c - 8. Let h(x) = 4*x**3 + x**2 + 2*x + 1. Let i be h(-1). Calculate l(i).
4
Suppose -2*j = 85 - 81. Let b(f) = 4*f + 1. Give b(j).
-7
Let b(d) = -d**3 - 5*d**2 + d + 2. Let k(w) = 2*w. Let j(y) = y. Let f(o) = -3*j(o) + 4*k(o). Let l be f(-1). Give b(l).
-3
Let k(v) be the second derivative of -7*v**4/12 + v**3/6 - v**2/2 - 6*v. What is k(1)?
-7
Let h(x) = 4*x - 3. Let z(o) = o**3 - 5*o**2 - 6*o + 6. Let b be z(6). Let n = b - 4. Give h(n).
5
Suppose -k - 4 = -2*m, -3*k + 5*k - m + 5 = 0. Let d(l) = 4 - 2*l - 4 - 2. What is d(k)?
2
Suppose 5 = -4*p + 5*p. Let x be (-10)/(-50) - (-14)/p. Let a(d) = -d**3 + 2*d**2 + 1. Calculate a(x).
-8
Let n(c) = c**2 + 2 + 1 + 1. Let i be n(0). Let s(j) = -j + 5. Determine s(i).
1
Let j(g) be the third derivative of -g**5/60 + g**4/6 + g**3/3 - g**2. Let p = 4 + 3. Suppose 4*u - 17 = -4*w + p, -5*u + 28 = 3*w. What is j(u)?
-3
Let g(o) = 2*o - 4. Let y(l) = -l + 5. Let m be -3 - 4/12*0. Let q(u) = m*y(u) - 4*g(u). Calculate q(-1).
6
Suppose -4*k = -5*z - 14, 0*k - 5*k + 9 = -2*z. Let l(h) = -3*h - 1. Give l(z).
5
Let z(q) = -7*q + 1. Let m(a) = -15*a + 3. Let u(d) = 4*m(d) - 9*z(d). Let b be 0 + 4 - (14 - 7). Give u(b).
-6
Let w(g) = 5*g. Suppose -7*n + 3*n - 2 = -2*b, 2*b - 4 = 3*n. Suppose -n*s + 18 = 2*z, 0 = s - 1 - 0. Suppose -5*i - 3 = -z. Calculate w(i).
5
Let y(h) be the first derivative of -h**2/2 + 2*h - 41. Give y(-5).
7
Let k(u) = 2*u - 2. Suppose -s + 0*s = -2. Suppose 2*d + 20 = -s*d. Give k(d).
-12
Let h(o) = -6*o**2 + o**3 - 9 + 7 + 9 - 2*o + 0. Give h(6).
-5
Let c(q) be the second derivative of q**4/12 + 2*q**3/3 + 9*q. Determine c(-4).
0
Suppose -2*x + x + 3 = 0. Suppose o = -3*o + 4. Let a(h) = o + x*h - 4*h - h - 5. Give a(3).
-10
Let f(o) be the third derivative of o**6/120 + o**5/15 - o**4/12 - 5*o**3/6 + o**2. What is f(-4)?
3
Let z(y) = -13*y**2 - 9*y + 3. Let f(u) = 7*u**2 + 5*u - 2. Let c(s) = 5*f(s) + 3*z(s). Let t be (-9)/(-3 - -6) - -2. Determine c(t).
-3
Suppose -5*s = -0*s - 10. Let a(w) be the second derivative of -w**5/20 + w**2 + 2*w. Give a(s).
-6
Let l be 4/6 - 2/(-4)*0. Let w(o) be the first derivative of 2*o + l*o**3 + 1/4*o**4 + 2 + 0*o**2. Calculate w(-3).
-7
Let m(v) be the third derivative of v**7/2520 + 7*v**6/720 + 3*v**5/40 - v**4/24 + v**2. Let d(k) be the second derivative of m(k). What is d(-6)?
3
Suppose 4*d - 65 + 5 = 0. Suppose 0 = -2*i - 3*i + d. Let r(m) = m + 1. Give r(i).
4
Let l = 7 + -2. Let r(x) = 2*x**2 - l*x - 1 - 3*x**2 + 3 + 1. What is r(-5)?
3
Let j(w) = 2*w - 2. Let i be j(1). Let y(x) = x - 9. Calculate y(i).
-9
Let c(j) = 2*j - 17. Let v(z) be the second derivative of z**3/6 - 4*z**2 + 2*z. Let u(n) = -4*c(n) + 9*v(n). Give u(5).
1
Let v = -23 - -20. Let r(s) = 2*s + s - 92*s**2 + 94*s**2 + 2. What is r(v)?
11
Let w(b) = 4*b - 1. Suppose -4 = -g - 5. Determine w(g).
-5
Let t(j) = 0*j + 13*j - 10*j - 3 - 2*j. Suppose 0 = 5*i - i. Give t(i).
-3
Let z(u) = u**3 - 6*u**2 + 3*u - 8. Let j be z(6). Let r be (-4)/j - (-17)/5. Suppose r*q = q. Let i(x) = x**2 + x. Determine i(q).
0
Let l be 2*(2 - 5/(-2)). Let c = 6 - l. Let r(o) = 6*o + 4 - o - o. Give r(c).
-8
Let b(j) be the first derivative of 4*j + 7 + 5/3*j**3 + 3*j**2 + 1/4*j**4. Calculate b(-4).
-4
Suppose 4*c - c = 21. Let d(q) = 19 + c*q**2 - 19. Determine d(1).
7
Let p(h) be the third derivative of -h**5/60 + h**4/6 + h**3/2 + h**2. What is p(3)?
6
Suppose 4*c - 14 = -2*k, c + k = 6 - 0. Let w = 4 + -4. Suppose w = y + c - 2. Let i(n) = -n**3 + n**2 - 2*n + 1. Determine i(y).
-1
Suppose 4*u = 4*f - 8, 3*u - 2 + 20 = 5*f. Let s(n) = -n**2 + 6*n - 9. Calculate s(f).
-9
Let q be -1*((0 - -1) + -2). Let i(m) = -1 + 2*m + 1 - 1. Give i(q).
1
Let u(g) = -7*g + 2. Let l(s) = -6*s + 1. Let i(c) = 5*l(c) - 4*u(c). Calculate i(-2).
1
Let d(x) = -x - 2. Suppose -3*v - 6 = c, -2*c - 3*v - 2*v - 12 = 0. Let h = 6 + c. Let f = h - -4. Determine d(f).
-6
Suppose 6 - 2 = 2*s. Let v(k) = -1 - 5*k + 2 + 2. Determine v(s).
-7
Let x(n) = -n**2 - 3*n + 1. Let k(w) = w**2 + w. Let v(t) = -2*k(t) - x(t). Let u(h) = -6*h**2 + 4*h - 1. Let f(b) = -u(b) + 5*v(b). Give f(-4).
8
Suppose -o + 3 = 2*o. Let d be ((6 - 1) + -2)/o. Let b(x) = 8*x**d + x**2 - 5 + 2*x**3 + 4 - x. Give b(-1).
-9
Let x(t) = 3*t**2 + 3*t - 2. Let b be x(-2). Let v(p) = 2*p - 2. What is v(b)?
6
Let g = 0 + 1. Let f(o) = 16 + 5*o + 22 - 54 + 15. Calculate f(g).
4
Let h(n) be the first derivative of n**3/3 - 3*n**2/2 - 25. Determine h(3).
0
Let o(y) = y + 2. Let g be (-15)/(-6)*8 - 0. Let j be 3/2*g/(-6). Calculate o(j).
-3
Let i(t) = 3*t + 0*t - 2*t - 3 - 2. Calculate i(5).
0
Suppose 5*l - 32 = l. Suppose g + 4*w = 5*g - l, g + w = 0. Let m = 4 - g. Let t(z) = 4*z - 4. What is t(m)?
8
Suppose 0 = -h + 15 - 23. Let p(f) = f + 3. What is p(h)?
-5
Let k be (0 - -3)/(3/4). Suppose 4*b + 5*s + 17 = 3, -4*s = -4*b + k. Let t(w) = -8*w**3 + 1. Determine t(b).
9
Let d(z) = -z**3 + 3*z**2 + 4*z - 4. Let b be d(4). Let r(u) = -u**2 - 3*u - 1. Let f be r(b). Let y(v) = v**2 + 7*v + 7. What is y(f)?
-3
Let m(u) = u - 4. Let z be m(6). Let j be z*1/(-4)*6. Let c(r) = r**2 - r - 4. Let s(i) = i**2 - i - 5. Let v(y) = j*s(y) + 4*c(y). Give v(2).
1
Suppose 2*b - 13 = -3. Let m(j) = -2*j - 2 + b + j - j. Give m(4).
-5
Let z(y) = 5*y + 2. Let q(j) = j. Let p(i) = -6*q(i) + z(i). Calculate p(3).
-1
Let f(z) = -3*z**3 - 9*z**2 - 2*z - 6. Let a(h) = 2*h**3 + 8*h**2 + 2*h + 5. Let i(v) = 4*a(v) + 3*f(v). Let g be (-3)/(-3 - (-4)/10 - -2). Calculate i(g).
12
Let v(y) = -y**2 - 4*y + 4. Let u(j) = -j + 6. Let h be u(-11). Let p = h - 23. What is v(p)?
-8
Let u(w) = 4*w**3 - 5*w + 1 + w + 0*w - 2*w - 5*w**3 + 6*w**2. Suppose -2*h + b + 12 = 3*b, -10 = -5*b. Determine u(h).
9
Let x(z) = -z - 8*z**2 + 15*z**2 + 3 - 2 - 5*z**2. Calculate x(1).
2
Suppose 0 = 4*a, 4*a - 1 = -c + 2*c. Let t be 6 + -1 + -2 - 1. Let w(k) = -t*k + 3 + 4*k - 2 + 7*k**2. Calculate w(c).
6
Let q(o) = -25*o + 1. Let c be q(1). Let k = -27 - c. Let i(w) = w - w + 4 - w. Determine i(k).
7
Let f(n) = -n**3 + n**2 + n - 19. Let s(h) = -h + 9. Let q be s(9). Calculate f(q).
-19
Let x(n) = -n**2 + 6*n + 11. Let y be x(7). Let s(w) = -w**2 - 2*w + 6. What is s(y)?
-18
Let c(d) = -d + 5. Suppose 27 = 4*q + 3. Let j = q - 1. Determine c(j).
0
Let i(g) be the third derivative of g**6/120 - 4*g**5/15 - g**4/24 + 7*g**3/3 + 29*g**2. Give i(16).
-2
Suppose 10 = 5*m - m - a, -3*a - 14 = -4*m. Let d(i) = i**2 + m - 3*i - 3 + 4*i. Let f be (-22)/10 - 1/(-5). Give d(f